{"id":29820,"date":"2023-03-01T14:09:02","date_gmt":"2023-03-01T13:09:02","guid":{"rendered":"https:\/\/www.clusteraudiovisual.cat\/?post_type=tribe_events&#038;p=29820"},"modified":"2023-03-01T14:09:02","modified_gmt":"2023-03-01T13:09:02","slug":"mwc-2023","status":"publish","type":"tribe_events","link":"https:\/\/www.clusteraudiovisual.cat\/en\/event-old\/mwc-2023\/","title":{"rendered":"MWC 2023"},"content":{"rendered":"<p>From <strong>February 27 to March 2<\/strong>, the <strong>Mobile World Congress<\/strong> fair is held in Barcelona. The Audiovisual Cluster will be there organizing various activities:<\/p>\n<p>&nbsp;<\/p>\n<p><strong>Exclusive visit for Cluster members to the Mobile World Capital stand: Feel the Technology experience<\/strong><\/p>\n<p>Tuesday 28 February at 11:30 a.m. at booth 6B31 in Hall 6.<\/p>\n<p>Mobile World Capital Barcelona presents a personalized and gamified experience that shows services based on disruptive technologies such as immersive reality, the metaverse or artificial intelligence in different spaces of the MWC, the 4YFN and Beat Barcelona. Under the Feel the Technology concept, they offer an immersive experience in the form of a phygital sensory tour (acronym for physical and digital) through Barcelona. Connecting the physical and digital worlds to reflect on how we interact, communicate and perceive reality.<\/p>\n<p>&nbsp;<\/p>\n<p><strong>Artificial intelligence in the audiovisual: case studies and conflicts with intellectual property<\/strong><\/p>\n<p>Tuesday, February 28 at 4:30 p.m. at\u00a0 \u00c0gora del Beat Barcelona<\/p>\n<p>What is the process of creating with an AI? Who is responsible and the author of these contents? How can an AI creation be differentiated from a human creation? These and other questions will be discussed in this round table. We will have Carles G\u00f3mara, technology expert from ACCI\u00d3&#8217;s business strategy department; Nicolau Roig, Specialist in CGI and AI from Metropolitana; F\u00e1tima Itzel, Head of Knowledge and Technology Transfer at CVC (Computer Vision Center); and Rafael S\u00e1nchez Aristi, expert in technologies and digital media and intellectual property, industrial and secrets of Cuatrecases.<\/p>\n<p>&nbsp;<\/p>\n<p><strong>Presentation of Catalunya Media City<\/strong><\/p>\n<p>Thursday March 2 at 10 a.m. at Beat Barcelona&#8217;s Three Chimneys Interview Set<\/p>\n<p>Marc L\u00f3pez, director of the Catalunya Media City program and Miquel Rutllant, president of the Audiovisual Cluster, will present Catalunya Media City. They will explain what this project will look like and what it will represent for the Catalan audiovisual industry.<\/p>\n","protected":false},"excerpt":{"rendered":"<p>From February 27 to March 2, the Mobile World Congress fair is held in Barcelona. The Audiovisual Cluster will be there organizing various activities: &nbsp; Exclusive visit for Cluster members [&hellip;]<\/p>\n","protected":false},"author":10,"featured_media":29814,"template":"","meta":{"_acf_changed":false,"_tribe_events_status":"","_tribe_events_status_reason":"","footnotes":""},"tags":[],"tribe_events_cat":[],"class_list":["post-29820","tribe_events","type-tribe_events","status-publish","has-post-thumbnail","hentry"],"acf":[],"yoast_head":"<!-- This site is optimized with the Yoast SEO plugin v27.0 - https:\/\/yoast.com\/product\/yoast-seo-wordpress\/ -->\n<title>MWC 2023 - Cl\u00faster Audiovisual<\/title>\n<meta name=\"robots\" content=\"index, follow, max-snippet:-1, max-image-preview:large, max-video-preview:-1\" \/>\n<link rel=\"canonical\" href=\"https:\/\/www.clusteraudiovisual.cat\/en\/event-old\/mwc-2023\/\" \/>\n<meta property=\"og:locale\" content=\"en_US\" \/>\n<meta property=\"og:type\" content=\"article\" \/>\n<meta property=\"og:title\" content=\"MWC 2023 - Cl\u00faster Audiovisual\" \/>\n<meta property=\"og:description\" content=\"From February 27 to March 2, the Mobile World Congress fair is held in Barcelona. The Audiovisual Cluster will be there organizing various activities: &nbsp; Exclusive visit for Cluster members [&hellip;]\" \/>\n<meta property=\"og:url\" content=\"https:\/\/www.clusteraudiovisual.cat\/en\/event-old\/mwc-2023\/\" \/>\n<meta property=\"og:site_name\" content=\"Cl\u00faster Audiovisual\" \/>\n<meta property=\"og:image\" content=\"https:\/\/www.clusteraudiovisual.cat\/wp-content\/uploads\/2023\/03\/Agenda2023_MWC.jpg\" \/>\n\t<meta property=\"og:image:width\" content=\"1200\" \/>\n\t<meta property=\"og:image:height\" content=\"650\" \/>\n\t<meta property=\"og:image:type\" content=\"image\/jpeg\" \/>\n<meta name=\"twitter:card\" content=\"summary_large_image\" \/>\n<meta name=\"twitter:label1\" content=\"Est. reading time\" \/>\n\t<meta name=\"twitter:data1\" content=\"2 minutes\" \/>\n<script type=\"application\/ld+json\" class=\"yoast-schema-graph\">{\"@context\":\"https:\/\/schema.org\",\"@graph\":[{\"@type\":\"WebPage\",\"@id\":\"https:\/\/www.clusteraudiovisual.cat\/en\/event-old\/mwc-2023\/\",\"url\":\"https:\/\/www.clusteraudiovisual.cat\/en\/event-old\/mwc-2023\/\",\"name\":\"MWC 2023 - Cl\u00faster Audiovisual\",\"isPartOf\":{\"@id\":\"https:\/\/www.clusteraudiovisual.cat\/en\/#website\"},\"primaryImageOfPage\":{\"@id\":\"https:\/\/www.clusteraudiovisual.cat\/en\/event-old\/mwc-2023\/#primaryimage\"},\"image\":{\"@id\":\"https:\/\/www.clusteraudiovisual.cat\/en\/event-old\/mwc-2023\/#primaryimage\"},\"thumbnailUrl\":\"https:\/\/www.clusteraudiovisual.cat\/wp-content\/uploads\/2023\/03\/Agenda2023_MWC.jpg\",\"datePublished\":\"2023-03-01T13:09:02+00:00\",\"breadcrumb\":{\"@id\":\"https:\/\/www.clusteraudiovisual.cat\/en\/event-old\/mwc-2023\/#breadcrumb\"},\"inLanguage\":\"en-US\",\"potentialAction\":[{\"@type\":\"ReadAction\",\"target\":[\"https:\/\/www.clusteraudiovisual.cat\/en\/event-old\/mwc-2023\/\"]}]},{\"@type\":\"ImageObject\",\"inLanguage\":\"en-US\",\"@id\":\"https:\/\/www.clusteraudiovisual.cat\/en\/event-old\/mwc-2023\/#primaryimage\",\"url\":\"https:\/\/www.clusteraudiovisual.cat\/wp-content\/uploads\/2023\/03\/Agenda2023_MWC.jpg\",\"contentUrl\":\"https:\/\/www.clusteraudiovisual.cat\/wp-content\/uploads\/2023\/03\/Agenda2023_MWC.jpg\",\"width\":1200,\"height\":650},{\"@type\":\"BreadcrumbList\",\"@id\":\"https:\/\/www.clusteraudiovisual.cat\/en\/event-old\/mwc-2023\/#breadcrumb\",\"itemListElement\":[{\"@type\":\"ListItem\",\"position\":1,\"name\":\"Events\",\"item\":\"https:\/\/www.clusteraudiovisual.cat\/en\/agenda-old\/\"},{\"@type\":\"ListItem\",\"position\":2,\"name\":\"MWC 2023\"}]},{\"@type\":\"WebSite\",\"@id\":\"https:\/\/www.clusteraudiovisual.cat\/en\/#website\",\"url\":\"https:\/\/www.clusteraudiovisual.cat\/en\/\",\"name\":\"Cl\u00faster Audiovisual\",\"description\":\"Associaci\u00f3 d&#039;empreses que integren el sector audiovisual.\",\"potentialAction\":[{\"@type\":\"SearchAction\",\"target\":{\"@type\":\"EntryPoint\",\"urlTemplate\":\"https:\/\/www.clusteraudiovisual.cat\/en\/?s={search_term_string}\"},\"query-input\":{\"@type\":\"PropertyValueSpecification\",\"valueRequired\":true,\"valueName\":\"search_term_string\"}}],\"inLanguage\":\"en-US\"}]}<\/script>\n<!-- \/ Yoast SEO plugin. -->","yoast_head_json":{"title":"MWC 2023 - Cl\u00faster Audiovisual","robots":{"index":"index","follow":"follow","max-snippet":"max-snippet:-1","max-image-preview":"max-image-preview:large","max-video-preview":"max-video-preview:-1"},"canonical":"https:\/\/www.clusteraudiovisual.cat\/en\/event-old\/mwc-2023\/","og_locale":"en_US","og_type":"article","og_title":"MWC 2023 - Cl\u00faster Audiovisual","og_description":"From February 27 to March 2, the Mobile World Congress fair is held in Barcelona. The Audiovisual Cluster will be there organizing various activities: &nbsp; Exclusive visit for Cluster members [&hellip;]","og_url":"https:\/\/www.clusteraudiovisual.cat\/en\/event-old\/mwc-2023\/","og_site_name":"Cl\u00faster Audiovisual","og_image":[{"width":1200,"height":650,"url":"https:\/\/www.clusteraudiovisual.cat\/wp-content\/uploads\/2023\/03\/Agenda2023_MWC.jpg","type":"image\/jpeg"}],"twitter_card":"summary_large_image","twitter_misc":{"Est. reading time":"2 minutes"},"schema":{"@context":"https:\/\/schema.org","@graph":[{"@type":"WebPage","@id":"https:\/\/www.clusteraudiovisual.cat\/en\/event-old\/mwc-2023\/","url":"https:\/\/www.clusteraudiovisual.cat\/en\/event-old\/mwc-2023\/","name":"MWC 2023 - Cl\u00faster Audiovisual","isPartOf":{"@id":"https:\/\/www.clusteraudiovisual.cat\/en\/#website"},"primaryImageOfPage":{"@id":"https:\/\/www.clusteraudiovisual.cat\/en\/event-old\/mwc-2023\/#primaryimage"},"image":{"@id":"https:\/\/www.clusteraudiovisual.cat\/en\/event-old\/mwc-2023\/#primaryimage"},"thumbnailUrl":"https:\/\/www.clusteraudiovisual.cat\/wp-content\/uploads\/2023\/03\/Agenda2023_MWC.jpg","datePublished":"2023-03-01T13:09:02+00:00","breadcrumb":{"@id":"https:\/\/www.clusteraudiovisual.cat\/en\/event-old\/mwc-2023\/#breadcrumb"},"inLanguage":"en-US","potentialAction":[{"@type":"ReadAction","target":["https:\/\/www.clusteraudiovisual.cat\/en\/event-old\/mwc-2023\/"]}]},{"@type":"ImageObject","inLanguage":"en-US","@id":"https:\/\/www.clusteraudiovisual.cat\/en\/event-old\/mwc-2023\/#primaryimage","url":"https:\/\/www.clusteraudiovisual.cat\/wp-content\/uploads\/2023\/03\/Agenda2023_MWC.jpg","contentUrl":"https:\/\/www.clusteraudiovisual.cat\/wp-content\/uploads\/2023\/03\/Agenda2023_MWC.jpg","width":1200,"height":650},{"@type":"BreadcrumbList","@id":"https:\/\/www.clusteraudiovisual.cat\/en\/event-old\/mwc-2023\/#breadcrumb","itemListElement":[{"@type":"ListItem","position":1,"name":"Events","item":"https:\/\/www.clusteraudiovisual.cat\/en\/agenda-old\/"},{"@type":"ListItem","position":2,"name":"MWC 2023"}]},{"@type":"WebSite","@id":"https:\/\/www.clusteraudiovisual.cat\/en\/#website","url":"https:\/\/www.clusteraudiovisual.cat\/en\/","name":"Cl\u00faster Audiovisual","description":"Associaci\u00f3 d&#039;empreses que integren el sector audiovisual.","potentialAction":[{"@type":"SearchAction","target":{"@type":"EntryPoint","urlTemplate":"https:\/\/www.clusteraudiovisual.cat\/en\/?s={search_term_string}"},"query-input":{"@type":"PropertyValueSpecification","valueRequired":true,"valueName":"search_term_string"}}],"inLanguage":"en-US"}]}},"_links":{"self":[{"href":"https:\/\/www.clusteraudiovisual.cat\/en\/wp-json\/wp\/v2\/tribe_events\/29820","targetHints":{"allow":["GET"]}}],"collection":[{"href":"https:\/\/www.clusteraudiovisual.cat\/en\/wp-json\/wp\/v2\/tribe_events"}],"about":[{"href":"https:\/\/www.clusteraudiovisual.cat\/en\/wp-json\/wp\/v2\/types\/tribe_events"}],"author":[{"embeddable":true,"href":"https:\/\/www.clusteraudiovisual.cat\/en\/wp-json\/wp\/v2\/users\/10"}],"version-history":[{"count":2,"href":"https:\/\/www.clusteraudiovisual.cat\/en\/wp-json\/wp\/v2\/tribe_events\/29820\/revisions"}],"predecessor-version":[{"id":29822,"href":"https:\/\/www.clusteraudiovisual.cat\/en\/wp-json\/wp\/v2\/tribe_events\/29820\/revisions\/29822"}],"wp:featuredmedia":[{"embeddable":true,"href":"https:\/\/www.clusteraudiovisual.cat\/en\/wp-json\/wp\/v2\/media\/29814"}],"wp:attachment":[{"href":"https:\/\/www.clusteraudiovisual.cat\/en\/wp-json\/wp\/v2\/media?parent=29820"}],"wp:term":[{"taxonomy":"post_tag","embeddable":true,"href":"https:\/\/www.clusteraudiovisual.cat\/en\/wp-json\/wp\/v2\/tags?post=29820"},{"taxonomy":"tribe_events_cat","embeddable":true,"href":"https:\/\/www.clusteraudiovisual.cat\/en\/wp-json\/wp\/v2\/tribe_events_cat?post=29820"}],"curies":[{"name":"wp","href":"https:\/\/api.w.org\/{rel}","templated":true}]}}

<p>From <strong>February 27 to March 2</strong>, the <strong>Mobile World Congress</strong> fair is held in Barcelona. The Audiovisual Cluster will be there organizing various activities:</p>
<p>&nbsp;</p>
<p><strong>Exclusive visit for Cluster members to the Mobile World Capital stand: Feel the Technology experience</strong></p>
<p>Tuesday 28 February at 11:30 a.m. at booth 6B31 in Hall 6.</p>
<p>Mobile World Capital Barcelona presents a personalized and gamified experience that shows services based on disruptive technologies such as immersive reality, the metaverse or artificial intelligence in different spaces of the MWC, the 4YFN and Beat Barcelona. Under the Feel the Technology concept, they offer an immersive experience in the form of a phygital sensory tour (acronym for physical and digital) through Barcelona. Connecting the physical and digital worlds to reflect on how we interact, communicate and perceive reality.</p>
<p>&nbsp;</p>
<p><strong>Artificial intelligence in the audiovisual: case studies and conflicts with intellectual property</strong></p>
<p>Tuesday, February 28 at 4:30 p.m. at  Àgora del Beat Barcelona</p>
<p>What is the process of creating with an AI? Who is responsible and the author of these contents? How can an AI creation be differentiated from a human creation? These and other questions will be discussed in this round table. We will have Carles Gómara, technology expert from ACCIÓ&#8217;s business strategy department; Nicolau Roig, Specialist in CGI and AI from Metropolitana; Fátima Itzel, Head of Knowledge and Technology Transfer at CVC (Computer Vision Center); and Rafael Sánchez Aristi, expert in technologies and digital media and intellectual property, industrial and secrets of Cuatrecases.</p>
<p>&nbsp;</p>
<p><strong>Presentation of Catalunya Media City</strong></p>
<p>Thursday March 2 at 10 a.m. at Beat Barcelona&#8217;s Three Chimneys Interview Set</p>
<p>Marc López, director of the Catalunya Media City program and Miquel Rutllant, president of the Audiovisual Cluster, will present Catalunya Media City. They will explain what this project will look like and what it will represent for the Catalan audiovisual industry.</p>

<!-- This site is optimized with the Yoast SEO plugin v27.0 - https://yoast.com/product/yoast-seo-wordpress/ -->
<title>MWC 2023 - Clúster Audiovisual</title>
<meta name="robots" content="index, follow, max-snippet:-1, max-image-preview:large, max-video-preview:-1" />
<link rel="canonical" href="https://www.clusteraudiovisual.cat/en/event-old/mwc-2023/" />
<meta property="og:locale" content="en_US" />
<meta property="og:type" content="article" />
<meta property="og:title" content="MWC 2023 - Clúster Audiovisual" />
<meta property="og:description" content="From February 27 to March 2, the Mobile World Congress fair is held in Barcelona. The Audiovisual Cluster will be there organizing various activities: &nbsp; Exclusive visit for Cluster members [&hellip;]" />
<meta property="og:url" content="https://www.clusteraudiovisual.cat/en/event-old/mwc-2023/" />
<meta property="og:site_name" content="Clúster Audiovisual" />
<meta property="og:image" content="https://www.clusteraudiovisual.cat/wp-content/uploads/2023/03/Agenda2023_MWC.jpg" />
	<meta property="og:image:width" content="1200" />
	<meta property="og:image:height" content="650" />
	<meta property="og:image:type" content="image/jpeg" />
<meta name="twitter:card" content="summary_large_image" />
<meta name="twitter:label1" content="Est. reading time" />
	<meta name="twitter:data1" content="2 minutes" />
<script type="application/ld+json" class="yoast-schema-graph">{"@context":"https://schema.org","@graph":[{"@type":"WebPage","@id":"https://www.clusteraudiovisual.cat/en/event-old/mwc-2023/","url":"https://www.clusteraudiovisual.cat/en/event-old/mwc-2023/","name":"MWC 2023 - Clúster Audiovisual","isPartOf":{"@id":"https://www.clusteraudiovisual.cat/en/#website"},"primaryImageOfPage":{"@id":"https://www.clusteraudiovisual.cat/en/event-old/mwc-2023/#primaryimage"},"image":{"@id":"https://www.clusteraudiovisual.cat/en/event-old/mwc-2023/#primaryimage"},"thumbnailUrl":"https://www.clusteraudiovisual.cat/wp-content/uploads/2023/03/Agenda2023_MWC.jpg","datePublished":"2023-03-01T13:09:02+00:00","breadcrumb":{"@id":"https://www.clusteraudiovisual.cat/en/event-old/mwc-2023/#breadcrumb"},"inLanguage":"en-US","potentialAction":[{"@type":"ReadAction","target":["https://www.clusteraudiovisual.cat/en/event-old/mwc-2023/"]}]},{"@type":"ImageObject","inLanguage":"en-US","@id":"https://www.clusteraudiovisual.cat/en/event-old/mwc-2023/#primaryimage","url":"https://www.clusteraudiovisual.cat/wp-content/uploads/2023/03/Agenda2023_MWC.jpg","contentUrl":"https://www.clusteraudiovisual.cat/wp-content/uploads/2023/03/Agenda2023_MWC.jpg","width":1200,"height":650},{"@type":"BreadcrumbList","@id":"https://www.clusteraudiovisual.cat/en/event-old/mwc-2023/#breadcrumb","itemListElement":[{"@type":"ListItem","position":1,"name":"Events","item":"https://www.clusteraudiovisual.cat/en/agenda-old/"},{"@type":"ListItem","position":2,"name":"MWC 2023"}]},{"@type":"WebSite","@id":"https://www.clusteraudiovisual.cat/en/#website","url":"https://www.clusteraudiovisual.cat/en/","name":"Clúster Audiovisual","description":"Associació d&#039;empreses que integren el sector audiovisual.","potentialAction":[{"@type":"SearchAction","target":{"@type":"EntryPoint","urlTemplate":"https://www.clusteraudiovisual.cat/en/?s={search_term_string}"},"query-input":{"@type":"PropertyValueSpecification","valueRequired":true,"valueName":"search_term_string"}}],"inLanguage":"en-US"}]}</script>
<!-- / Yoast SEO plugin. -->

MWC 2023 - Clúster Audiovisual

Clúster Audiovisual

Associació d&#039;empreses que integren el sector audiovisual.
